{"id":216,"date":"2019-07-09T19:47:22","date_gmt":"2019-07-09T17:47:22","guid":{"rendered":"http:\/\/clinicadelcarmenhuelva.com\/?page_id=216"},"modified":"2021-11-10T20:00:09","modified_gmt":"2021-11-10T19:00:09","slug":"adicciones-y-salud-mental","status":"publish","type":"page","link":"https:\/\/clinicadelcarmenhuelva.com\/index.php\/adicciones-y-salud-mental\/","title":{"rendered":"Adicciones y Salud Mental"},"content":{"rendered":"<p>[et_pb_section fb_built=\u00bb1&#8243; _builder_version=\u00bb4.13.0&#8243; _module_preset=\u00bbdefault\u00bb background_color=\u00bb#3D107B\u00bb background_image=\u00bbhttp:\/\/clinicadelcarmenhuelva.com\/wp-content\/uploads\/2019\/07\/health-clinic-29.png\u00bb background_size=\u00bbinitial\u00bb background_position=\u00bbtop_left\u00bb background_repeat=\u00bbrepeat\u00bb custom_margin=\u00bb0px||0px||false|false\u00bb custom_padding=\u00bb0px||0px||false|false\u00bb global_colors_info=\u00bb{}\u00bb theme_builder_area=\u00bbpost_content\u00bb][et_pb_row column_structure=\u00bb1_4,1_2,1_4&#8243; use_custom_gutter=\u00bbon\u00bb gutter_width=\u00bb2&#8243; _builder_version=\u00bb4.13.0&#8243; _module_preset=\u00bbdefault\u00bb global_colors_info=\u00bb{}\u00bb theme_builder_area=\u00bbpost_content\u00bb][et_pb_column type=\u00bb1_4&#8243; _builder_version=\u00bb4.13.0&#8243; _module_preset=\u00bbdefault\u00bb global_colors_info=\u00bb{}\u00bb theme_builder_area=\u00bbpost_content\u00bb][et_pb_image src=\u00bbhttp:\/\/clinicadelcarmenhuelva.com\/wp-content\/uploads\/2019\/07\/saludmental-150&#215;150.png\u00bb title_text=\u00bbsaludmental\u00bb align=\u00bbright\u00bb _builder_version=\u00bb4.13.0&#8243; _module_preset=\u00bbdefault\u00bb animation_style=\u00bbslide\u00bb animation_direction=\u00bbleft\u00bb hover_enabled=\u00bb0&#8243; global_colors_info=\u00bb{}\u00bb theme_builder_area=\u00bbpost_content\u00bb width=\u00bb45%\u00bb width_last_edited=\u00bbon|phone\u00bb sticky_enabled=\u00bb0&#8243; width_phone=\u00bb27%\u00bb width_tablet=\u00bb45%\u00bb][\/et_pb_image][\/et_pb_column][et_pb_column type=\u00bb1_2&#8243; _builder_version=\u00bb4.13.0&#8243; _module_preset=\u00bbdefault\u00bb animation_style=\u00bbslide\u00bb animation_direction=\u00bbright\u00bb global_colors_info=\u00bb{}\u00bb theme_builder_area=\u00bbpost_content\u00bb][et_pb_text _builder_version=\u00bb4.13.0&#8243; _module_preset=\u00bbdefault\u00bb header_font=\u00bb|700|||||||\u00bb header_text_color=\u00bb#1A96D3&#8243; header_2_font=\u00bb|700|||||||\u00bb header_2_text_color=\u00bb#3D107B\u00bb header_2_font_size=\u00bb18px\u00bb custom_margin=\u00bb||7px|||\u00bb hover_enabled=\u00bb0&#8243; global_colors_info=\u00bb{}\u00bb theme_builder_area=\u00bbpost_content\u00bb sticky_enabled=\u00bb0&#8243;]<\/p>\n<h1>ADICCIONES Y SALUD MENTAL<\/h1>\n<p>[\/et_pb_text][et_pb_divider color=\u00bb#1A96D3&#8243; _builder_version=\u00bb4.13.0&#8243; _module_preset=\u00bbdefault\u00bb custom_margin=\u00bb||-1px|||\u00bb global_colors_info=\u00bb{}\u00bb theme_builder_area=\u00bbpost_content\u00bb][\/et_pb_divider][et_pb_button button_url=\u00bb#cita\u00bb button_text=\u00bbSolicitar cita\u00bb button_alignment=\u00bbleft\u00bb _builder_version=\u00bb4.13.0&#8243; _module_preset=\u00bbdefault\u00bb custom_button=\u00bbon\u00bb button_text_size=\u00bb14px\u00bb button_text_color=\u00bb#3D107B\u00bb button_bg_color=\u00bb#FFFFFF\u00bb button_border_width=\u00bb0px\u00bb button_border_color=\u00bb#FFFFFF\u00bb button_letter_spacing=\u00bb3px\u00bb button_font=\u00bb|700||on|||||\u00bb hover_enabled=\u00bb0&#8243; global_colors_info=\u00bb{}\u00bb theme_builder_area=\u00bbpost_content\u00bb sticky_enabled=\u00bb0&#8243;][\/et_pb_button][\/et_pb_column][et_pb_column type=\u00bb1_4&#8243; _builder_version=\u00bb4.13.0&#8243; _module_preset=\u00bbdefault\u00bb global_colors_info=\u00bb{}\u00bb theme_builder_area=\u00bbpost_content\u00bb][\/et_pb_column][\/et_pb_row][\/et_pb_section][et_pb_section fb_built=\u00bb1&#8243; specialty=\u00bbon\u00bb _builder_version=\u00bb4.13.0&#8243; _module_preset=\u00bbdefault\u00bb background_image=\u00bbhttp:\/\/clinicadelcarmenhuelva.com\/wp-content\/uploads\/2019\/07\/health-clinic-29.png\u00bb background_size=\u00bbinitial\u00bb background_repeat=\u00bbrepeat\u00bb custom_padding=\u00bb5px|||||\u00bb global_colors_info=\u00bb{}\u00bb theme_builder_area=\u00bbpost_content\u00bb][et_pb_column type=\u00bb3_4&#8243; specialty_columns=\u00bb3&#8243; _builder_version=\u00bb3.25&#8243; custom_padding=\u00bb|||\u00bb global_colors_info=\u00bb{}\u00bb custom_padding__hover=\u00bb|||\u00bb theme_builder_area=\u00bbpost_content\u00bb][et_pb_row_inner use_custom_gutter=\u00bbon\u00bb make_equal=\u00bbon\u00bb _builder_version=\u00bb4.13.0&#8243; _module_preset=\u00bbdefault\u00bb global_colors_info=\u00bb{}\u00bb theme_builder_area=\u00bbpost_content\u00bb][et_pb_column_inner saved_specialty_column_type=\u00bb3_4&#8243; _builder_version=\u00bb4.13.0&#8243; _module_preset=\u00bbdefault\u00bb global_colors_info=\u00bb{}\u00bb theme_builder_area=\u00bbpost_content\u00bb][et_pb_team_member name=\u00bbD. Antonio Estapia Rodr\u00edguez \u00bb image_url=\u00bbhttp:\/\/clinicadelcarmenhuelva.com\/wp-content\/uploads\/2019\/07\/antonioestapia.jpg\u00bb _builder_version=\u00bb4.13.0&#8243; _module_preset=\u00bbdefault\u00bb header_font=\u00bb|700|||||||\u00bb header_text_color=\u00bb#3D107B\u00bb animation_style=\u00bbzoom\u00bb hover_enabled=\u00bb0&#8243; border_width_all_image=\u00bb9px\u00bb border_color_all_image=\u00bbrgba(255,255,255,0)\u00bb global_colors_info=\u00bb{}\u00bb theme_builder_area=\u00bbpost_content\u00bb title_text=\u00bbantonioestapia\u00bb sticky_enabled=\u00bb0&#8243; position=\u00bbPsic\u00f3logo Sanitario\u00bb position_font=\u00bb|700|||||||\u00bb position_text_color=\u00bb#1A96D3&#8243;]El Programa de Rehabilitaci\u00f3n que llevamos a cabo es interdisciplinar, biopsicosocial, en donde adem\u00e1s del paciente la familia juega un papel importante en la recuperaci\u00f3n del paciente.<br \/> Trabajamos con el m\u00e9dico para la prescripci\u00f3n de psicof\u00e1rmacos para la desintoxicaci\u00f3n y con la Trabajadora Social para la orientaci\u00f3n socio-laboral.<br \/> Son tres las fases en ese proceso que es el tratamiento:<\/p>\n<p style=\"text-align: justify;\">Desintoxicaci\u00f3n; Deshabituaci\u00f3n e Incorporaci\u00f3n Socio-familiar.<\/p>\n<p style=\"text-align: justify;\">El paciente y los familiares reciben Psicoterapia durante meses para la estabilizaci\u00f3n y normalizaci\u00f3n de las relaciones, hasta el Alta Terap\u00e9utica.<\/p>\n<p style=\"text-align: justify;\">Los pacientes tambi\u00e9n reciben Psicoterapia de Grupo como parte de su recuperaci\u00f3n donde tratamos Prevenci\u00f3n de Reca\u00eddas, Habilidades Socio-familiares, Resoluci\u00f3n de Conflictos, Relajaci\u00f3n y Control Emocional y de los Impulsos.<br \/> Adem\u00e1s atendemos otras patolog\u00edas mentales asociadas a las Adicciones.<\/p>\n<p>[\/et_pb_team_member][\/et_pb_column_inner][\/et_pb_row_inner][et_pb_row_inner column_structure=\u00bb1_2,1_2&#8243; make_equal=\u00bbon\u00bb _builder_version=\u00bb4.13.0&#8243; _module_preset=\u00bbdefault\u00bb global_colors_info=\u00bb{}\u00bb theme_builder_area=\u00bbpost_content\u00bb][et_pb_column_inner type=\u00bb1_2&#8243; saved_specialty_column_type=\u00bb3_4&#8243; _builder_version=\u00bb4.13.0&#8243; _module_preset=\u00bbdefault\u00bb global_colors_info=\u00bb{}\u00bb theme_builder_area=\u00bbpost_content\u00bb][et_pb_blurb title=\u00bbSolicitar cita\u00bb use_icon=\u00bbon\u00bb font_icon=\u00bb&#xe00b;||divi||400&#8243; icon_color=\u00bb#3d107b\u00bb image_icon_background_color=\u00bb#ffffff\u00bb image_icon_width=\u00bb48px\u00bb module_id=\u00bbcita\u00bb _builder_version=\u00bb4.13.0&#8243; header_level=\u00bbh3&#8243; header_font=\u00bb|600|||||||\u00bb header_text_align=\u00bbcenter\u00bb header_text_color=\u00bb#ffffff\u00bb header_font_size=\u00bb27px\u00bb body_font=\u00bb||||||||\u00bb body_text_color=\u00bb#ffffff\u00bb background_color=\u00bb#3d107b\u00bb image_icon_custom_padding=\u00bb25px|25px|25px|25px|false|false\u00bb custom_padding=\u00bb20px|20px||20px\u00bb animation_style=\u00bbzoom\u00bb animation_intensity_zoom=\u00bb10%\u00bb hover_enabled=\u00bb0&#8243; border_radii_image=\u00bbon|100%|100%|100%|100%\u00bb box_shadow_style=\u00bbpreset1&#8243; use_circle=\u00bbon\u00bb circle_color=\u00bb#ffffff\u00bb global_colors_info=\u00bb{}\u00bb image_icon_background_color__sticky_enabled=\u00bb#7EBEC5&#8243; image_icon_background_color__sticky=\u00bb#7EBEC5&#8243; theme_builder_area=\u00bbpost_content\u00bb sticky_enabled=\u00bb0&#8243;]<\/p>\n<p style=\"text-align: center;\">Para solicitar cita en esta especialidad contacte con el tel\u00e9fono que aparece a continuaci\u00f3n:<\/p>\n<h3 style=\"text-align: center;\"><span style=\"color: #99ccff;\"><strong style=\"text-align: center;\">959 381 707<\/strong><\/span><\/h3>\n<h3 style=\"text-align: center;\"><span style=\"color: #99ccff;\"><strong>654 560 099<\/strong><\/span><\/h3>\n<p>&nbsp;<\/p>\n<p>[\/et_pb_blurb][\/et_pb_column_inner][et_pb_column_inner type=\u00bb1_2&#8243; saved_specialty_column_type=\u00bb3_4&#8243; _builder_version=\u00bb4.13.0&#8243; _module_preset=\u00bbdefault\u00bb global_colors_info=\u00bb{}\u00bb theme_builder_area=\u00bbpost_content\u00bb][et_pb_code _builder_version=\u00bb4.13.0&#8243; _module_preset=\u00bbdefault\u00bb animation_style=\u00bbzoom\u00bb global_colors_info=\u00bb{}\u00bb theme_builder_area=\u00bbpost_content\u00bb]<iframe loading=\"lazy\" src=\"https:\/\/www.google.com\/maps\/embed?pb=!1m14!1m8!1m3!1d12702.958789098624!2d-6.952587!3d37.253883!3m2!1i1024!2i768!4f13.1!3m3!1m2!1s0x0%3A0xc7fc42c42005bb5f!2sCl%C3%ADnica+del+Carmen+-+Centro+de+Especialidades+M%C3%A9dicas!5e0!3m2!1ses!2sus!4v1564741409678!5m2!1ses!2sus\" width=\"600\" height=\"350\" frameborder=\"0\" style=\"border: 0;\" allowfullscreen=\"\"><\/iframe>[\/et_pb_code][\/et_pb_column_inner][\/et_pb_row_inner][et_pb_row_inner _builder_version=\u00bb4.13.0&#8243; _module_preset=\u00bbdefault\u00bb global_colors_info=\u00bb{}\u00bb theme_builder_area=\u00bbpost_content\u00bb][et_pb_column_inner saved_specialty_column_type=\u00bb3_4&#8243; _builder_version=\u00bb4.13.0&#8243; _module_preset=\u00bbdefault\u00bb global_colors_info=\u00bb{}\u00bb theme_builder_area=\u00bbpost_content\u00bb][et_pb_image src=\u00bbhttp:\/\/clinicadelcarmenhuelva.com\/wp-content\/uploads\/2019\/07\/portadagarfe.jpg\u00bb title_text=\u00bbportadagarfe\u00bb _builder_version=\u00bb4.13.0&#8243; _module_preset=\u00bbdefault\u00bb animation_style=\u00bbzoom\u00bb global_colors_info=\u00bb{}\u00bb theme_builder_area=\u00bbpost_content\u00bb][\/et_pb_image][\/et_pb_column_inner][\/et_pb_row_inner][\/et_pb_column][et_pb_column type=\u00bb1_4&#8243; _builder_version=\u00bb3.25&#8243; custom_padding=\u00bb|||\u00bb global_colors_info=\u00bb{}\u00bb custom_padding__hover=\u00bb|||\u00bb theme_builder_area=\u00bbpost_content\u00bb][dsm_menu menu_id=\u00bb11&#8243; menu_link_text_color=\u00bbrgba(255,255,255,0.6)\u00bb list_style_type=\u00bbsquare\u00bb list_style_color=\u00bbrgba(255,255,255,0.63)\u00bb menu_left_space=\u00bb13px\u00bb _builder_version=\u00bb4.13.0&#8243; _module_preset=\u00bbdefault\u00bb header_font=\u00bb|||on|||||\u00bb menu_font=\u00bb|700||on|||||\u00bb menu_font_size=\u00bb12px\u00bb background_color=\u00bb#29C4A9&#8243; custom_padding=\u00bb10px|16px|||false|false\u00bb animation_style=\u00bbzoom\u00bb global_colors_info=\u00bb{}\u00bb theme_builder_area=\u00bbpost_content\u00bb][\/dsm_menu][\/et_pb_column][\/et_pb_section]<\/p>\n","protected":false},"excerpt":{"rendered":"<p>ADICCIONES Y SALUD MENTALEl Programa de Rehabilitaci\u00f3n que llevamos a cabo es interdisciplinar, biopsicosocial, en donde adem\u00e1s del paciente la familia juega un papel importante en la recuperaci\u00f3n del paciente. Trabajamos con el m\u00e9dico para la prescripci\u00f3n de psicof\u00e1rmacos para la desintoxicaci\u00f3n y con la Trabajadora Social para la orientaci\u00f3n socio-laboral. Son tres las fases [&hellip;]<\/p>\n","protected":false},"author":1,"featured_media":0,"parent":0,"menu_order":0,"comment_status":"closed","ping_status":"closed","template":"","meta":{"_et_pb_use_builder":"on","_et_pb_old_content":"","_et_gb_content_width":"","footnotes":""},"class_list":["post-216","page","type-page","status-publish","hentry"],"_links":{"self":[{"href":"https:\/\/clinicadelcarmenhuelva.com\/index.php\/wp-json\/wp\/v2\/pages\/216","targetHints":{"allow":["GET"]}}],"collection":[{"href":"https:\/\/clinicadelcarmenhuelva.com\/index.php\/wp-json\/wp\/v2\/pages"}],"about":[{"href":"https:\/\/clinicadelcarmenhuelva.com\/index.php\/wp-json\/wp\/v2\/types\/page"}],"author":[{"embeddable":true,"href":"https:\/\/clinicadelcarmenhuelva.com\/index.php\/wp-json\/wp\/v2\/users\/1"}],"replies":[{"embeddable":true,"href":"https:\/\/clinicadelcarmenhuelva.com\/index.php\/wp-json\/wp\/v2\/comments?post=216"}],"version-history":[{"count":24,"href":"https:\/\/clinicadelcarmenhuelva.com\/index.php\/wp-json\/wp\/v2\/pages\/216\/revisions"}],"predecessor-version":[{"id":1739,"href":"https:\/\/clinicadelcarmenhuelva.com\/index.php\/wp-json\/wp\/v2\/pages\/216\/revisions\/1739"}],"wp:attachment":[{"href":"https:\/\/clinicadelcarmenhuelva.com\/index.php\/wp-json\/wp\/v2\/media?parent=216"}],"curies":[{"name":"wp","href":"https:\/\/api.w.org\/{rel}","templated":true}]}}

<p>[et_pb_section fb_built=»1&#8243; _builder_version=»4.13.0&#8243; _module_preset=»default» background_color=»#3D107B» background_image=»http://clinicadelcarmenhuelva.com/wp-content/uploads/2019/07/health-clinic-29.png» background_size=»initial» background_position=»top_left» background_repeat=»repeat» custom_margin=»0px||0px||false|false» custom_padding=»0px||0px||false|false» global_colors_info=»{}» theme_builder_area=»post_content»][et_pb_row column_structure=»1_4,1_2,1_4&#8243; use_custom_gutter=»on» gutter_width=»2&#8243; _builder_version=»4.13.0&#8243; _module_preset=»default» global_colors_info=»{}» theme_builder_area=»post_content»][et_pb_column type=»1_4&#8243; _builder_version=»4.13.0&#8243; _module_preset=»default» global_colors_info=»{}» theme_builder_area=»post_content»][et_pb_image src=»http://clinicadelcarmenhuelva.com/wp-content/uploads/2019/07/saludmental-150&#215;150.png» title_text=»saludmental» align=»right» _builder_version=»4.13.0&#8243; _module_preset=»default» animation_style=»slide» animation_direction=»left» hover_enabled=»0&#8243; global_colors_info=»{}» theme_builder_area=»post_content» width=»45%» width_last_edited=»on|phone» sticky_enabled=»0&#8243; width_phone=»27%» width_tablet=»45%»][/et_pb_image][/et_pb_column][et_pb_column type=»1_2&#8243; _builder_version=»4.13.0&#8243; _module_preset=»default» animation_style=»slide» animation_direction=»right» global_colors_info=»{}» theme_builder_area=»post_content»][et_pb_text _builder_version=»4.13.0&#8243; _module_preset=»default» header_font=»|700|||||||» header_text_color=»#1A96D3&#8243; header_2_font=»|700|||||||» header_2_text_color=»#3D107B» header_2_font_size=»18px» custom_margin=»||7px|||» hover_enabled=»0&#8243; global_colors_info=»{}» theme_builder_area=»post_content» sticky_enabled=»0&#8243;]</p>
<h1>ADICCIONES Y SALUD MENTAL</h1>
<p>[/et_pb_text][et_pb_divider color=»#1A96D3&#8243; _builder_version=»4.13.0&#8243; _module_preset=»default» custom_margin=»||-1px|||» global_colors_info=»{}» theme_builder_area=»post_content»][/et_pb_divider][et_pb_button button_url=»#cita» button_text=»Solicitar cita» button_alignment=»left» _builder_version=»4.13.0&#8243; _module_preset=»default» custom_button=»on» button_text_size=»14px» button_text_color=»#3D107B» button_bg_color=»#FFFFFF» button_border_width=»0px» button_border_color=»#FFFFFF» button_letter_spacing=»3px» button_font=»|700||on|||||» hover_enabled=»0&#8243; global_colors_info=»{}» theme_builder_area=»post_content» sticky_enabled=»0&#8243;][/et_pb_button][/et_pb_column][et_pb_column type=»1_4&#8243; _builder_version=»4.13.0&#8243; _module_preset=»default» global_colors_info=»{}» theme_builder_area=»post_content»][/et_pb_column][/et_pb_row][/et_pb_section][et_pb_section fb_built=»1&#8243; specialty=»on» _builder_version=»4.13.0&#8243; _module_preset=»default» background_image=»http://clinicadelcarmenhuelva.com/wp-content/uploads/2019/07/health-clinic-29.png» background_size=»initial» background_repeat=»repeat» custom_padding=»5px|||||» global_colors_info=»{}» theme_builder_area=»post_content»][et_pb_column type=»3_4&#8243; specialty_columns=»3&#8243; _builder_version=»3.25&#8243; custom_padding=»|||» global_colors_info=»{}» custom_padding__hover=»|||» theme_builder_area=»post_content»][et_pb_row_inner use_custom_gutter=»on» make_equal=»on» _builder_version=»4.13.0&#8243; _module_preset=»default» global_colors_info=»{}» theme_builder_area=»post_content»][et_pb_column_inner saved_specialty_column_type=»3_4&#8243; _builder_version=»4.13.0&#8243; _module_preset=»default» global_colors_info=»{}» theme_builder_area=»post_content»][et_pb_team_member name=»D. Antonio Estapia Rodríguez » image_url=»http://clinicadelcarmenhuelva.com/wp-content/uploads/2019/07/antonioestapia.jpg» _builder_version=»4.13.0&#8243; _module_preset=»default» header_font=»|700|||||||» header_text_color=»#3D107B» animation_style=»zoom» hover_enabled=»0&#8243; border_width_all_image=»9px» border_color_all_image=»rgba(255,255,255,0)» global_colors_info=»{}» theme_builder_area=»post_content» title_text=»antonioestapia» sticky_enabled=»0&#8243; position=»Psicólogo Sanitario» position_font=»|700|||||||» position_text_color=»#1A96D3&#8243;]El Programa de Rehabilitación que llevamos a cabo es interdisciplinar, biopsicosocial, en donde además del paciente la familia juega un papel importante en la recuperación del paciente.<br /> Trabajamos con el médico para la prescripción de psicofármacos para la desintoxicación y con la Trabajadora Social para la orientación socio-laboral.<br /> Son tres las fases en ese proceso que es el tratamiento:</p>
<p style="text-align: justify;">Desintoxicación; Deshabituación e Incorporación Socio-familiar.</p>
<p style="text-align: justify;">El paciente y los familiares reciben Psicoterapia durante meses para la estabilización y normalización de las relaciones, hasta el Alta Terapéutica.</p>
<p style="text-align: justify;">Los pacientes también reciben Psicoterapia de Grupo como parte de su recuperación donde tratamos Prevención de Recaídas, Habilidades Socio-familiares, Resolución de Conflictos, Relajación y Control Emocional y de los Impulsos.<br /> Además atendemos otras patologías mentales asociadas a las Adicciones.</p>
<p>[/et_pb_team_member][/et_pb_column_inner][/et_pb_row_inner][et_pb_row_inner column_structure=»1_2,1_2&#8243; make_equal=»on» _builder_version=»4.13.0&#8243; _module_preset=»default» global_colors_info=»{}» theme_builder_area=»post_content»][et_pb_column_inner type=»1_2&#8243; saved_specialty_column_type=»3_4&#8243; _builder_version=»4.13.0&#8243; _module_preset=»default» global_colors_info=»{}» theme_builder_area=»post_content»][et_pb_blurb title=»Solicitar cita» use_icon=»on» font_icon=»&#xe00b;||divi||400&#8243; icon_color=»#3d107b» image_icon_background_color=»#ffffff» image_icon_width=»48px» module_id=»cita» _builder_version=»4.13.0&#8243; header_level=»h3&#8243; header_font=»|600|||||||» header_text_align=»center» header_text_color=»#ffffff» header_font_size=»27px» body_font=»||||||||» body_text_color=»#ffffff» background_color=»#3d107b» image_icon_custom_padding=»25px|25px|25px|25px|false|false» custom_padding=»20px|20px||20px» animation_style=»zoom» animation_intensity_zoom=»10%» hover_enabled=»0&#8243; border_radii_image=»on|100%|100%|100%|100%» box_shadow_style=»preset1&#8243; use_circle=»on» circle_color=»#ffffff» global_colors_info=»{}» image_icon_background_color__sticky_enabled=»#7EBEC5&#8243; image_icon_background_color__sticky=»#7EBEC5&#8243; theme_builder_area=»post_content» sticky_enabled=»0&#8243;]</p>
<p style="text-align: center;">Para solicitar cita en esta especialidad contacte con el teléfono que aparece a continuación:</p>
<h3 style="text-align: center;"><span style="color: #99ccff;"><strong style="text-align: center;">959 381 707</strong></span></h3>
<h3 style="text-align: center;"><span style="color: #99ccff;"><strong>654 560 099</strong></span></h3>
<p>&nbsp;</p>
<p>[/et_pb_blurb][/et_pb_column_inner][et_pb_column_inner type=»1_2&#8243; saved_specialty_column_type=»3_4&#8243; _builder_version=»4.13.0&#8243; _module_preset=»default» global_colors_info=»{}» theme_builder_area=»post_content»][et_pb_code _builder_version=»4.13.0&#8243; _module_preset=»default» animation_style=»zoom» global_colors_info=»{}» theme_builder_area=»post_content»]<iframe loading="lazy" src="https://www.google.com/maps/embed?pb=!1m14!1m8!1m3!1d12702.958789098624!2d-6.952587!3d37.253883!3m2!1i1024!2i768!4f13.1!3m3!1m2!1s0x0%3A0xc7fc42c42005bb5f!2sCl%C3%ADnica+del+Carmen+-+Centro+de+Especialidades+M%C3%A9dicas!5e0!3m2!1ses!2sus!4v1564741409678!5m2!1ses!2sus" width="600" height="350" frameborder="0" style="border: 0;" allowfullscreen=""></iframe>[/et_pb_code][/et_pb_column_inner][/et_pb_row_inner][et_pb_row_inner _builder_version=»4.13.0&#8243; _module_preset=»default» global_colors_info=»{}» theme_builder_area=»post_content»][et_pb_column_inner saved_specialty_column_type=»3_4&#8243; _builder_version=»4.13.0&#8243; _module_preset=»default» global_colors_info=»{}» theme_builder_area=»post_content»][et_pb_image src=»http://clinicadelcarmenhuelva.com/wp-content/uploads/2019/07/portadagarfe.jpg» title_text=»portadagarfe» _builder_version=»4.13.0&#8243; _module_preset=»default» animation_style=»zoom» global_colors_info=»{}» theme_builder_area=»post_content»][/et_pb_image][/et_pb_column_inner][/et_pb_row_inner][/et_pb_column][et_pb_column type=»1_4&#8243; _builder_version=»3.25&#8243; custom_padding=»|||» global_colors_info=»{}» custom_padding__hover=»|||» theme_builder_area=»post_content»][dsm_menu menu_id=»11&#8243; menu_link_text_color=»rgba(255,255,255,0.6)» list_style_type=»square» list_style_color=»rgba(255,255,255,0.63)» menu_left_space=»13px» _builder_version=»4.13.0&#8243; _module_preset=»default» header_font=»|||on|||||» menu_font=»|700||on|||||» menu_font_size=»12px» background_color=»#29C4A9&#8243; custom_padding=»10px|16px|||false|false» animation_style=»zoom» global_colors_info=»{}» theme_builder_area=»post_content»][/dsm_menu][/et_pb_column][/et_pb_section]</p>

<p>ADICCIONES Y SALUD MENTALEl Programa de Rehabilitación que llevamos a cabo es interdisciplinar, biopsicosocial, en donde además del paciente la familia juega un papel importante en la recuperación del paciente. Trabajamos con el médico para la prescripción de psicofármacos para la desintoxicación y con la Trabajadora Social para la orientación socio-laboral. Son tres las fases [&hellip;]</p>
