{"id":385,"date":"2019-07-10T14:38:09","date_gmt":"2019-07-10T12:38:09","guid":{"rendered":"http:\/\/clinicadelcarmenhuelva.com\/?page_id=385"},"modified":"2025-02-11T11:11:40","modified_gmt":"2025-02-11T10:11:40","slug":"cirugia-general-y-laparoscopia","status":"publish","type":"page","link":"https:\/\/clinicadelcarmenhuelva.com\/index.php\/cirugia-general-y-laparoscopia\/","title":{"rendered":"Cirug\u00eda General y Laparoscopia"},"content":{"rendered":"<p>[et_pb_section fb_built=\u00bb1&#8243; _builder_version=\u00bb4.16&#8243; _module_preset=\u00bbdefault\u00bb background_color=\u00bb#3D107B\u00bb background_image=\u00bbhttps:\/\/clinicadelcarmenhuelva.com\/wp-content\/uploads\/2019\/07\/health-clinic-29.png\u00bb background_size=\u00bbinitial\u00bb background_position=\u00bbtop_left\u00bb background_repeat=\u00bbrepeat\u00bb custom_margin=\u00bb0px||0px||false|false\u00bb custom_padding=\u00bb0px||0px||false|false\u00bb global_colors_info=\u00bb{}\u00bb][et_pb_row _builder_version=\u00bb4.16&#8243; _module_preset=\u00bbdefault\u00bb animation_style=\u00bbslide\u00bb animation_direction=\u00bbright\u00bb global_colors_info=\u00bb{}\u00bb][et_pb_column type=\u00bb4_4&#8243; _builder_version=\u00bb4.16&#8243; _module_preset=\u00bbdefault\u00bb global_colors_info=\u00bb{}\u00bb][et_pb_team_member name=\u00bbCIRUG\u00cdA GENERAL Y LAPAROSCOPIA\u00bb image_url=\u00bbhttps:\/\/clinicadelcarmenhuelva.com\/wp-content\/uploads\/2019\/07\/cirugia-copia2.png\u00bb _builder_version=\u00bb4.16&#8243; _module_preset=\u00bbdefault\u00bb header_font=\u00bb|700||on|||||\u00bb header_text_color=\u00bb#1A96D3&#8243; header_font_size=\u00bb35px\u00bb header_text_align_tablet=\u00bb\u00bb header_text_align_phone=\u00bbcenter\u00bb header_text_align_last_edited=\u00bbon|phone\u00bb text_orientation_tablet=\u00bb\u00bb text_orientation_phone=\u00bbcenter\u00bb text_orientation_last_edited=\u00bbon|phone\u00bb global_colors_info=\u00bb{}\u00bb][\/et_pb_team_member][et_pb_button button_url=\u00bb#cita\u00bb button_text=\u00bbSolicitar Cita\u00bb button_alignment_tablet=\u00bb\u00bb button_alignment_phone=\u00bbcenter\u00bb button_alignment_last_edited=\u00bbon|desktop\u00bb _builder_version=\u00bb4.16&#8243; _module_preset=\u00bbdefault\u00bb custom_button=\u00bbon\u00bb button_text_size=\u00bb15px\u00bb button_text_color=\u00bb#3D107B\u00bb button_bg_color=\u00bb#FFFFFF\u00bb button_letter_spacing=\u00bb3px\u00bb button_font=\u00bb|700||on|||||\u00bb custom_margin=\u00bb-75px|||130px|false|false\u00bb custom_margin_tablet=\u00bb-58px||||false|false\u00bb custom_margin_phone=\u00bb-22px|||0px|false|false\u00bb custom_margin_last_edited=\u00bbon|phone\u00bb global_colors_info=\u00bb{}\u00bb][\/et_pb_button][\/et_pb_column][\/et_pb_row][\/et_pb_section][et_pb_section fb_built=\u00bb1&#8243; specialty=\u00bbon\u00bb _builder_version=\u00bb4.16&#8243; _module_preset=\u00bbdefault\u00bb background_image=\u00bbhttps:\/\/clinicadelcarmenhuelva.com\/wp-content\/uploads\/2019\/07\/health-clinic-29.png\u00bb background_size=\u00bbinitial\u00bb background_repeat=\u00bbrepeat\u00bb custom_padding=\u00bb5px|||||\u00bb global_colors_info=\u00bb{}\u00bb][et_pb_column type=\u00bb3_4&#8243; specialty_columns=\u00bb3&#8243; _builder_version=\u00bb4.16&#8243; custom_padding=\u00bb|||\u00bb global_colors_info=\u00bb{}\u00bb custom_padding__hover=\u00bb|||\u00bb][et_pb_row_inner use_custom_gutter=\u00bbon\u00bb make_equal=\u00bbon\u00bb _builder_version=\u00bb4.16&#8243; _module_preset=\u00bbdefault\u00bb global_colors_info=\u00bb{}\u00bb][et_pb_column_inner saved_specialty_column_type=\u00bb3_4&#8243; _builder_version=\u00bb4.16&#8243; _module_preset=\u00bbdefault\u00bb global_colors_info=\u00bb{}\u00bb][et_pb_team_member name=\u00bbUnidad de Cirugia Laparosc\u00f3pica Avanzada Huelva c.b.  \u00bb position=\u00bbDr. Alberto de la Rosa\u00bb image_url=\u00bbhttps:\/\/clinicadelcarmenhuelva.com\/wp-content\/uploads\/2019\/07\/uclahhuelva.png\u00bb _builder_version=\u00bb4.27.4&#8243; _module_preset=\u00bbdefault\u00bb header_font=\u00bb|700|||||||\u00bb header_text_color=\u00bb#3D107B\u00bb position_font=\u00bb|700|||||||\u00bb position_text_color=\u00bb#1A96D3&#8243; position_font_size=\u00bb16px\u00bb custom_margin=\u00bb||37px|||\u00bb animation_style=\u00bbzoom\u00bb hover_enabled=\u00bb0&#8243; border_width_all_image=\u00bb9px\u00bb border_color_all_image=\u00bbrgba(255,255,255,0)\u00bb global_colors_info=\u00bb{}\u00bb sticky_enabled=\u00bb0&#8243;]<\/p>\n<p>&nbsp;<\/p>\n<p>La Unidad de Cirug\u00eda Laparosc\u00f3pica Avanzada Huelva (UCLAH) se forma en 2015 tras la uni\u00f3n profesional de dos cirujanos expertos en Cirug\u00eda Laparosc\u00f3pica que vienen desarrollando su trabajo desde hace m\u00e1s de 20 a\u00f1os.<\/p>\n<p>De sus conocimientos, de su experiencia adquirida en el campo de la cirug\u00eda general durante todos estos a\u00f1os, as\u00ed como del continuado proceso de mejora que ellos cada d\u00eda desarrollan en su actividad profesional surge la Unidad de Cirug\u00eda Laparosc\u00f3pica Avanzada Huelva.<\/p>\n<p>Hemos seleccionado las mejores cl\u00ednicas para pasar nuestras consultas y hemos contactado con los mejores hospitales privados para operar (Cl\u00ednica Nuestra Se\u00f1ora del Carmen, Hospital Costa de la Luz).<\/p>\n<p>Adem\u00e1s contamos con un equipo de personal de enfermer\u00eda quir\u00fargica y de anestesistas que llevan muchos a\u00f1os trabajando de forma diaria con nosotros por lo que son de nuestra m\u00e1xima confianza.<\/p>\n<p>Pretendemos ofrecer las ventajas de la Cirug\u00eda Laparosc\u00f3pica en el ejercicio de la cirug\u00eda en la sanidad privada (tambi\u00e9n compa\u00f1\u00edas aseguradoras).<\/p>\n<h4 style=\"text-align: center;\"><strong><\/strong><\/h4>\n<h4 style=\"text-align: center;\"><span style=\"color: #1a96d3;\"><strong>Qu\u00e9 es la Cirugia M\u00ednimamente Invasiva Cirug\u00eda Laparosc\u00f3pica Avanzada<\/strong><\/span><\/h4>\n<p>La Cirug\u00eda M\u00ednimamente Invasiva y en nuestro caso la Cirug\u00eda Laparosc\u00f3pica es actualmente el Gold Standar en el tratamiento quir\u00fargico de muchas patolog\u00edas y es aceptado de forma un\u00e1nime por las sociedades m\u00e9dicas y requerida por los pacientes en general.<\/p>\n<p>Ofrece ventajas considerables derivadas de la menor agresi\u00f3n sobre los tejidos frente a la cirug\u00eda abierta: menor necesidad de control del dolor, m\u00e1s rapida movilizaci\u00f3n del paciente, recuperaci\u00f3n m\u00e1s precoz, menor estancia hospitalaria y por tanto m\u00e1s r\u00e1pida reincorporaci\u00f3n a la vida social y laboral.<\/p>\n<p>Todo esto se traduce en un menor coste para la sociedad en general ya que se acortan los tiempos entre la cirug\u00eda, la recuperaci\u00f3n y la reincorporacion a la actividad diaria.<\/p>\n<p>Es una v\u00eda de abordaje, no modifica las indicaciones o los procedimientos b\u00e1sicos de la cirug\u00eda.<\/p>\n<p>Mejoramos la t\u00e9cnica quir\u00fargica mediante la disminuci\u00f3n en la agresi\u00f3n que la cirugia abierta representa.<\/p>\n<p>Disponemos de la m\u00e1s avanzada t\u00e9cnica y tecnolog\u00eda que se est\u00e1 desarrollando actualmente en cualquier unidad de cirug\u00eda laparosc\u00f3pica a nivel nacional o internacional y se asocia a nuestra experiencia diaria.<\/p>\n<p style=\"text-align: center;\">Para m\u00e1s informacion visita nuestra web: <a href=\"http:\/\/www.uclahuelva.com\/\">http:\/\/www.uclahuelva.com\/<\/a><\/p>\n<p style=\"text-align: center;\">o bien visitanos en Facebook <a href=\"https:\/\/www.facebook.com\/UCLAHUELVA\">https:\/\/www.facebook.com\/UCLAHUELVA<\/a><\/p>\n<p>[\/et_pb_team_member][\/et_pb_column_inner][\/et_pb_row_inner][et_pb_row_inner column_structure=\u00bb1_2,1_2&#8243; use_custom_gutter=\u00bbon\u00bb gutter_width=\u00bb2&#8243; make_equal=\u00bbon\u00bb module_id=\u00bbalberto\u00bb _builder_version=\u00bb4.17.6&#8243; _module_preset=\u00bbdefault\u00bb animation_style=\u00bbslide\u00bb animation_direction=\u00bbleft\u00bb global_colors_info=\u00bb{}\u00bb][et_pb_column_inner type=\u00bb1_2&#8243; saved_specialty_column_type=\u00bb3_4&#8243; _builder_version=\u00bb4.16&#8243; _module_preset=\u00bbdefault\u00bb global_colors_info=\u00bb{}\u00bb][et_pb_image src=\u00bbhttps:\/\/clinicadelcarmenhuelva.com\/wp-content\/uploads\/2019\/07\/ALBERTODELAROSA.jpg\u00bb title_text=\u00bbALBERTODELAROSA\u00bb align=\u00bbcenter\u00bb align_tablet=\u00bbcenter\u00bb align_phone=\u00bbcenter\u00bb align_last_edited=\u00bbon|tablet\u00bb _builder_version=\u00bb4.17.6&#8243; _module_preset=\u00bbdefault\u00bb global_colors_info=\u00bb{}\u00bb][\/et_pb_image][\/et_pb_column_inner][et_pb_column_inner type=\u00bb1_2&#8243; saved_specialty_column_type=\u00bb3_4&#8243; _builder_version=\u00bb4.16&#8243; _module_preset=\u00bbdefault\u00bb global_colors_info=\u00bb{}\u00bb][et_pb_text _builder_version=\u00bb4.17.6&#8243; _module_preset=\u00bbdefault\u00bb header_4_font=\u00bb|800|||||||\u00bb custom_margin_tablet=\u00bb|||0px|false|false\u00bb custom_margin_phone=\u00bb|||0px|false|false\u00bb custom_margin_last_edited=\u00bbon|desktop\u00bb custom_padding=\u00bb20px||||false|false\u00bb global_colors_info=\u00bb{}\u00bb]<\/p>\n<h4 class=\"et_pb_module_header\">Dr. Alberto de la Rosa<\/h4>\n<div>\n<p>Licenciado en Medicina y Cirug\u00eda por la Universidad de Sevilla A\u00f1o 1997<br \/>Especialista en Cirug\u00eda General y del Aparato Digestivo desde el a\u00f1o 2006<br \/>Hospital Juan Ram\u00f3n Jimenez (Huelva) y Hospital del Mar (Barcelona)<br \/>Ingl\u00e9s Nivel T\u00e9cnico Avanzado<br \/>Experiencia Profesional:<\/p>\n<p>A\u00f1o 2001-2006 Residente de Cirug\u00eda General y Aparato Digestivo<br \/>Beca de AEC para Cirug\u00eda Endocrina<\/p>\n<p>Especializaci\u00f3n en Laparoscopia Avanzada<br \/>A\u00f1o 2007-2009 Hospital Torrec\u00e1rdenas (Almer\u00eda)<br \/>Unidad de Cirug\u00eda del Est\u00f3mago y Cirug\u00eda Endocrina<br \/>A\u00f1o 2009- 2015 Hospital Infanta Elena (Huelva)<br \/>Cirugia General y Cirugia de la Obesidad M\u00f3rbida<br \/>A\u00f1o 2015 \u2013 Actualidad Hospital Juan Ram\u00f3n Jim\u00e9nez (Huelva) C.H.U.H.<br \/>Unidad de Cirugia Es\u00f3fago-G\u00e1strica Cirug\u00eda Laparosc\u00f3pica Avanzada.<\/p>\n<\/div>\n<p>[\/et_pb_text][\/et_pb_column_inner][\/et_pb_row_inner][et_pb_row_inner _builder_version=\u00bb4.17.6&#8243; _module_preset=\u00bbdefault\u00bb animation_style=\u00bbslide\u00bb animation_direction=\u00bbleft\u00bb global_colors_info=\u00bb{}\u00bb][et_pb_column_inner saved_specialty_column_type=\u00bb3_4&#8243; _builder_version=\u00bb4.17.6&#8243; _module_preset=\u00bbdefault\u00bb global_colors_info=\u00bb{}\u00bb][et_pb_text _builder_version=\u00bb4.17.6&#8243; _module_preset=\u00bbdefault\u00bb global_colors_info=\u00bb{}\u00bb]<\/p>\n<p>Sociedades Cientificas:<\/p>\n<p>A.E.C.- Asociaci\u00f3n Espa\u00f1ola de Cirujanos (desde 2001)<br \/>Secci\u00f3n de Cirugia Endocrina de la AEC (desde 2006) Becado en 2005<br \/>Secci\u00f3n de Cirug\u00eda del Politrauma (desde 2011)<br \/>SECO-Sociedad Espa\u00f1ola de Cirug\u00eda de la Obesidad. Miembro Senior *2016<br \/>Estancias en Hospital de Getafe y Virgen Arriaxaca Murcia<br \/>IFSO-Intern. Federation for Surgery Obesity and Metabolic Disorders *2016<br \/>IATSIC \u2013 International Association for Trauma Surgery and Intensive Care<br \/>Monitor en Politrauma avanzado DSTC de la IATSIC<\/p>\n<p>[\/et_pb_text][\/et_pb_column_inner][\/et_pb_row_inner][et_pb_row_inner column_structure=\u00bb1_2,1_2&#8243; make_equal=\u00bbon\u00bb _builder_version=\u00bb4.16&#8243; _module_preset=\u00bbdefault\u00bb global_colors_info=\u00bb{}\u00bb][et_pb_column_inner type=\u00bb1_2&#8243; saved_specialty_column_type=\u00bb3_4&#8243; _builder_version=\u00bb4.16&#8243; _module_preset=\u00bbdefault\u00bb global_colors_info=\u00bb{}\u00bb][et_pb_blurb title=\u00bbSolicitar cita Online\u00bb use_icon=\u00bbon\u00bb font_icon=\u00bb&#xe023;||divi||400&#8243; icon_color=\u00bb#3d107b\u00bb image_icon_background_color=\u00bb#ffffff\u00bb image_icon_width=\u00bb48px\u00bb module_id=\u00bbcita\u00bb _builder_version=\u00bb4.16&#8243; header_level=\u00bbh3&#8243; header_font=\u00bb|600|||||||\u00bb header_text_align=\u00bbcenter\u00bb header_text_color=\u00bb#ffffff\u00bb header_font_size=\u00bb27px\u00bb body_font=\u00bb||||||||\u00bb body_text_color=\u00bb#ffffff\u00bb background_color=\u00bb#3d107b\u00bb image_icon_custom_padding=\u00bb25px|25px|25px|25px|false|false\u00bb custom_padding=\u00bb37px|20px||20px||\u00bb animation_style=\u00bbzoom\u00bb border_radii_image=\u00bbon|100%|100%|100%|100%\u00bb box_shadow_style=\u00bbpreset1&#8243; use_circle=\u00bbon\u00bb circle_color=\u00bb#ffffff\u00bb global_colors_info=\u00bb{}\u00bb image_icon_background_color__sticky_enabled=\u00bb#7EBEC5&#8243; image_icon_background_color__sticky=\u00bb#7EBEC5&#8243;]<\/p>\n<p style=\"text-align: center;\">Para solicitar cita haga click en el siguiente bot\u00f3n.<\/p>\n<p style=\"text-align: center;\"><a href=\"https:\/\/app.clinic-cloud.com\/citaonline.php\/clinicadelcarmenhuelva\"><strong><img loading=\"lazy\" decoding=\"async\" src=\"https:\/\/clinicadelcarmenhuelva.com\/wp-content\/uploads\/2019\/07\/cita-online.png\" width=\"161\" height=\"52\" alt=\"\" class=\"wp-image-381 alignnone size-full\" \/><\/strong><\/a><\/p>\n<p style=\"text-align: center;\">[\/et_pb_blurb][\/et_pb_column_inner][et_pb_column_inner type=\u00bb1_2&#8243; saved_specialty_column_type=\u00bb3_4&#8243; _builder_version=\u00bb4.16&#8243; _module_preset=\u00bbdefault\u00bb global_colors_info=\u00bb{}\u00bb][et_pb_code _builder_version=\u00bb4.16&#8243; _module_preset=\u00bbdefault\u00bb animation_style=\u00bbzoom\u00bb global_colors_info=\u00bb{}\u00bb]<iframe loading=\"lazy\" src=\"https:\/\/www.google.com\/maps\/embed?pb=!1m14!1m8!1m3!1d12702.958789098624!2d-6.952587!3d37.253883!3m2!1i1024!2i768!4f13.1!3m3!1m2!1s0x0%3A0xc7fc42c42005bb5f!2sCl%C3%ADnica+del+Carmen+-+Centro+de+Especialidades+M%C3%A9dicas!5e0!3m2!1ses!2sus!4v1564741409678!5m2!1ses!2sus\" width=\"600\" height=\"350\" frameborder=\"0\" style=\"border: 0;\" allowfullscreen=\"\"><\/iframe>[\/et_pb_code][\/et_pb_column_inner][\/et_pb_row_inner][et_pb_row_inner _builder_version=\u00bb4.16&#8243; _module_preset=\u00bbdefault\u00bb global_colors_info=\u00bb{}\u00bb][et_pb_column_inner saved_specialty_column_type=\u00bb3_4&#8243; _builder_version=\u00bb4.16&#8243; _module_preset=\u00bbdefault\u00bb global_colors_info=\u00bb{}\u00bb][et_pb_image src=\u00bbhttps:\/\/clinicadelcarmenhuelva.com\/wp-content\/uploads\/2019\/07\/portadagarfe.jpg\u00bb title_text=\u00bbportadagarfe\u00bb _builder_version=\u00bb4.16&#8243; _module_preset=\u00bbdefault\u00bb animation_style=\u00bbzoom\u00bb global_colors_info=\u00bb{}\u00bb][\/et_pb_image][\/et_pb_column_inner][\/et_pb_row_inner][\/et_pb_column][et_pb_column type=\u00bb1_4&#8243; _builder_version=\u00bb4.16&#8243; custom_padding=\u00bb|||\u00bb global_colors_info=\u00bb{}\u00bb custom_padding__hover=\u00bb|||\u00bb][dsm_menu menu_id=\u00bb11&#8243; menu_link_text_color=\u00bbrgba(255,255,255,0.6)\u00bb menu_left_space=\u00bb13px\u00bb list_style_type=\u00bbsquare\u00bb list_style_color=\u00bbrgba(255,255,255,0.63)\u00bb _builder_version=\u00bb4.16&#8243; _module_preset=\u00bbdefault\u00bb header_font=\u00bb|||on|||||\u00bb menu_font=\u00bb|700||on|||||\u00bb menu_font_size=\u00bb12px\u00bb background_color=\u00bb#29C4A9&#8243; custom_padding=\u00bb10px|16px|||false|false\u00bb animation_style=\u00bbzoom\u00bb global_colors_info=\u00bb{}\u00bb][\/dsm_menu][\/et_pb_column][\/et_pb_section]<\/p>\n","protected":false},"excerpt":{"rendered":"<p>&nbsp; La Unidad de Cirug\u00eda Laparosc\u00f3pica Avanzada Huelva (UCLAH) se forma en 2015 tras la uni\u00f3n profesional de dos cirujanos expertos en Cirug\u00eda Laparosc\u00f3pica que vienen desarrollando su trabajo desde hace m\u00e1s de 20 a\u00f1os. De sus conocimientos, de su experiencia adquirida en el campo de la cirug\u00eda general durante todos estos a\u00f1os, as\u00ed como [&hellip;]<\/p>\n","protected":false},"author":1,"featured_media":0,"parent":0,"menu_order":0,"comment_status":"closed","ping_status":"closed","template":"","meta":{"_et_pb_use_builder":"on","_et_pb_old_content":"","_et_gb_content_width":"","footnotes":""},"class_list":["post-385","page","type-page","status-publish","hentry"],"_links":{"self":[{"href":"https:\/\/clinicadelcarmenhuelva.com\/index.php\/wp-json\/wp\/v2\/pages\/385","targetHints":{"allow":["GET"]}}],"collection":[{"href":"https:\/\/clinicadelcarmenhuelva.com\/index.php\/wp-json\/wp\/v2\/pages"}],"about":[{"href":"https:\/\/clinicadelcarmenhuelva.com\/index.php\/wp-json\/wp\/v2\/types\/page"}],"author":[{"embeddable":true,"href":"https:\/\/clinicadelcarmenhuelva.com\/index.php\/wp-json\/wp\/v2\/users\/1"}],"replies":[{"embeddable":true,"href":"https:\/\/clinicadelcarmenhuelva.com\/index.php\/wp-json\/wp\/v2\/comments?post=385"}],"version-history":[{"count":20,"href":"https:\/\/clinicadelcarmenhuelva.com\/index.php\/wp-json\/wp\/v2\/pages\/385\/revisions"}],"predecessor-version":[{"id":2633,"href":"https:\/\/clinicadelcarmenhuelva.com\/index.php\/wp-json\/wp\/v2\/pages\/385\/revisions\/2633"}],"wp:attachment":[{"href":"https:\/\/clinicadelcarmenhuelva.com\/index.php\/wp-json\/wp\/v2\/media?parent=385"}],"curies":[{"name":"wp","href":"https:\/\/api.w.org\/{rel}","templated":true}]}}